 is -1330032113 (base 5) in base 3?
-20022210011020
-3c04b6 (base 13) to base 10
-1457436
What is 880874 (base 9) in base 4?
2000110123
Convert 3003331110 (base 4) to base 8.
3037524
Convert -bc6ee (base 16) to base 12.
-3127a6
What is 10012013220 (base 4) in base 5?
233324030
Convert -56844 (base 12) to base 14.
-30004
Convert 14304534 (base 7) to base 3.
2112101122100
What is e6d06 (base 15) in base 14?
150a4b
Convert -1106566 (base 10) to base 4.
-10032022012
What is -506203 (base 7) in base 3?
-11101020101
Convert 151132 (base 8) to base 3.
2201212110
What is 12421524 (base 7) in base 10?
1131477
What is ba9440 (base 12) in base 15?
3d7393
What is 68b70 (base 14) in base 2?
111110001011101110
2c1cb (base 14) to base 13
3b18c
Convert 21322000010 (base 4) to base 16.
27a004
-1201101110201 (base 3) to base 13
-25c789
-1144143230 (base 5) to base 16
-2993cf
What is 10300100102 (base 4) in base 15?
1993bb
What is 20212111110200 (base 3) in base 4?
31323121212
-414511024 (base 6) to base 16
-6e4058
What is 30202101 (base 4) in base 6?
1033413
3c7b7 (base 14) to base 3
21121100210
122ac72 (base 13) to base 4
111203202300
What is -4641115 (base 7) in base 13?
-174868
331403 (base 7) to base 5
3330131
Convert -1914b7 (base 15) to base 3.
-2021221202201
Convert -2330020133 (base 4) to base 8.
-2741037
What is 1010011011110010 (base 2) in base 8?
123362
Convert 2313451 (base 6) to base 13.
42094
-5174b (base 12) to base 3
-12102001112
What is 2100122000022 (base 3) in base 9?
2318008
-10000010110100000011 (base 2) to base 6
-15252335
-10110011001100100101010 (base 2) to base 15
-7aec5e
-367708 (base 14) to base 4
-13013031230
Convert a212c (base 13) to base 12.
11bb43
What is 2a24a (base 12) in base 13?
20b90
Convert -1405143 (base 6) to base 12.
-397b3
1299184 (base 10) to base 13
366463
What is -32216 (base 10) in base 3?
-1122012012
What is aa70 (base 14) in base 16?
733a
Convert 19b416 (base 13) to base 2.
10011111011110010100
What is -101211010010 (base 3) in base 16?
-33fd8
13323311 (base 5) to base 11
93270
155580 (base 9) to base 10
95976
4092a (base 14) to base 8
457512
Convert 156cf7 (base 16) to base 5.
324413101
What is -1375350 (base 8) in base 11?
-2484a4
What is 8063871 (base 10) in base 15?
a94466
3000331121 (base 4) to base 9
1434148
What is -11445541 (base 6) in base 16?
-58e85
What is 1125547 (base 14) in base 5?
4042041310
Convert -12527087 (base 10) to base 11.
-7086871
Convert -29a939 (base 12) to base 13.
-1b7c2c
Convert -17f9e (base 16) to base 4.
-113332132
-2202002021 (base 3) to base 16
-d2f7
What is -524325154 (base 6) in base 14?
-130a618
1420172 (base 8) to base 13
1109bc
Convert -45a7396 (base 12) to base 10.
-13408098
Convert -1211322 (base 7) to base 4.
-211220322
-141204515 (base 6) to base 3
-12101102210002
Convert 1222102222 (base 3) to base 10.
38960
What is 6c221 (base 14) in base 15?
5329a
Convert -515633 (base 7) to base 13.
-31364
What is -8b7a (base 14) in base 7?
-130413
-28470 (base 16) to base 15
-33d36
11063406 (base 7) to base 4
3221212131
7143621 (base 9) to base 10
3808072
bd869 (base 14) to base 11
29459a
12105120 (base 6) to base 4
1131103020
1546330 (base 10) to base 12
626a4a
What is 8342c5 (base 16) in base 4?
200310023011
Convert -247659 (base 15) to base 6.
-101232433
Convert -3b333 (base 12) to base 7.
-460104
What is 5625047 (base 8) in base 6?
52312155
What is -20302331113 (base 4) in base 2?
-1000110010111101010111
What is -1101000111001101110000 (base 2) in base 10?
-3437424
What is -11ab8 (base 16) in base 3?
-10200021121
Convert 11111101000010000 (base 2) to base 8.
375020
What is -2a962e (base 15) in base 4?
-13312021001
23422131 (base 5) to base 15
4452b
Convert -101212201002011 (base 3) to base 13.
-1275436
What is -101110101001000010 (base 2) in base 9?
-321048
What is 413351 (base 8) in base 14?
37c93
71071 (base 9) to base 11
32113
-c87d (base 16) to base 2
-1100100001111101
What is 184824d (base 14) in base 16?
b73b0d
-101121212100210 (base 3) to base 9
-11555323
What is -1613076 (base 9) in base 13?
-254229
Convert 11001100100111011 (base 2) to base 5.
11323023
1470d36 (base 14) to base 12
33bb558
Convert 72771 (base 12) to base 7.
1162306
-e8a8 (base 15) to base 14
-13d0c
Convert 222636444 (base 7) to base 15.
12c192c
What is -121121202320 (base 4) in base 5?
-3201030412
What is 7b6387 (base 12) in base 6?
110242251
-150417 (base 8) to base 2
-1101000100001111
-1231014 (base 5) to base 11
-16a43
What is 1ab464 (base 16) in base 7?
20606244
What is -1012001211 (base 3) in base 14?
-873b
What is 54b22d (base 14) in base 5?
1213422101
What is -1314b2 (base 16) in base 6?
-42445134
-c559e (base 15) to base 14
-124013
What is -127702 (base 8) in base 16?
-afc2
Convert 101422 (base 8) to base 13.
12371
What is 1100429 (base 10) in base 16?
10ca8d
Convert -20550424 (base 6) to base 13.
-182728
Convert 12234642 (base 7) to base 8.
4147052
-2102206 (base 7) to base 3
-110211220111
-359ab7 (base 13) to base 2
-100111000000101011001
Convert -2bc70b (base 13) to base 16.
-108b9b
What is -20265354 (base 8) in base 9?
-8053848
-164c6 (base 13) to base 3
-2011102002
Convert -22340232 (base 6) to base 5.
-133304123
Convert 16691 (base 12) to base 15.
9787
Convert 1001001100011000100 (base 2) to base 15.
5e3d7
What is -1011011101011010110 (base 2) in base 9?
-632083
What is b65918 (base 12) in base 13?
797036
Convert -1000001000111100100101 (base 2) to base 4.
-20020330211
What is -1132742 (base 8) in base 12?
-12a796
66574 (base 8) to base 13
c9b0
Convert -3214664 (base 13) to base 2.
-111010001101111100010010
What is 1045440 (base 8) in base 4?
1010230200
Convert 7812284 (base 9) to base 2.
10000000001100100100000
-12558 (base 9) to base 4
-2010131
26146a (base 15) to base 6
103053431
Convert -896ca6 (base 14) to base 11.
-26a8679
-34e6d9 (base 15) to base 10
-2529429
What is -5385563 (base 10) in base 12?
-197878b
What is 48740 (base 11) in base 14?
1b795
10766751 (base 8) to base 6
122245121
What is 519cc (base 14) in base 15?
3d47d
Convert -30da5 (base 15) to base 14.
-40683
Convert 133050 (base 6) to base 11.
9300
What is -113121100 (base 4) in base 3?
-11212110001
Convert -95da1 (base 15) to base 14.
-c545a
312e31 (base 15) to base 13
63b659
What is -b91c39 (base 13) in base 9?
-8152863
-bc6bd9 (base 14) to base 9
-13027428
What is -2e738 (base 15) in base 11?
-a2880
-723420 (base 9) to base 12
-188316
What is -15860 (base 15) in base 16?
-10f0e
What is 1240034230 (base 5) in base 16?
2e8763
Convert 955a32 (base 12) to base 8.
10764206
16fa7 (base 16) to base 11
64793
What is -445a1 (base 11) in base 6?
-1215032
What is -107375 (base 9) in base 15?
-14178
What is -94723 (base 10) in base 8?
-271003
Convert 2a15038 (base 13) to base 8.
63107675
Convert 1b92a8 (base 14) to base 2.
11110000101000100100
Convert -3228243 (base 9) to base 7.
-20501220
Convert -b3891c (base 14) to base 13.
-1340095
What is -5119685 (base 11) in base 13?
-1b4974b
Convert 4aab49 (base 13) to base 2.
110110110001001110000
Convert 3311022131 (base 5) to base 9.
14361688
2743599 (base 11) to base 15
6378d4
Convert 2413050 (base 6) to base 11.
86a60
Convert 463501 (base 7) to base 10.
82909
Convert -1002442123 (base 5) to base 6.
-110505411
What is 73263 (base 16) in base 11?
2a23a4
-3322104 (base 5) to base 2
-1110000110110011
-65643 (base 8) to base 11
-19780
-10010001100010011010 (base 2) to base 10
-596122
-2773824 (base 10) to base 2
-1010100101001101000000
Convert -850244 (base 16) to base 9.
-17355258
Convert -12035541 (base 6) to base 15.
-771d1
Convert -b6ac08 (base 14) to base 10.
-6176360
What is 142301330 (base 5) in base 4?
2311220131
876815 (base 11) to base 10
1399865
What is 1243011353 (base 6) in base 3?
1000122202021020
Convert 11013 (base 4) to base 9.
403
What is -1cb20a (base 15) in base 6?
-50034044
What is -65c169 (base 14) in base 3?
-20111101120210
Convert -114502102 (base 7) to base 11.
-403a1a4
-532632 (base 11) to base 15
-11c951
Convert -63d908 (base 14) to base 11.
-19a9197
Convert 6a746 (base 14) to base 9.
434708
Convert -90552 (base 11) to base 9.
-221585
What is 100000000010001100 (base 2) in base 10?
131212
5654 (base 10) to base 13
275c
220110001020 (base 3) to base 8
1653625
Co